 n(-11).
0
Let p(h) = 5*h**3 - 2*h**2 + 2*h - 1. Calculate p(1).
4
Let q(h) = -5*h + 26. Calculate q(6).
-4
Let g(z) = z**3 - 11*z**2 - 11*z - 8. Calculate g(12).
4
Let z(j) = -10*j**2. What is z(1)?
-10
Let t(w) = w**3 + 16*w**2 - 6. Calculate t(-16).
-6
Let m(i) = -i**2 + 9*i + 37. What is m(12)?
1
Let v(p) = p**3 - 15*p**2 + 29*p - 36. Determine v(13).
3
Let k(a) = -3*a**3 - 22*a**2 + 15*a - 9. Determine k(-8).
-1
Let a(s) = 2*s - 21. Calculate a(-4).
-29
Let z(g) = g**3 + 8*g**2 + 6*g - 3. Give z(-6).
33
Let p(w) = -w**3 + 7*w**2 - 4*w + 13. Give p(6).
25
Let x(m) = 3*m + 45. Give x(-18).
-9
Let k(f) = f**3 - 6*f**2 - 10*f - 3. What is k(7)?
-24
Let x(k) = -k**3 + 2*k**2 + 4*k + 4. Calculate x(4).
-12
Let w(s) = -2*s**2 + 10*s. Determine w(5).
0
Let g(i) = i**2 + 9*i - 11. Calculate g(-10).
-1
Let f(z) = z**2 + 46*z + 71. Calculate f(-45).
26
Let s(j) = j**3 - 6*j**2 + 11*j - 21. Determine s(5).
9
Let v(z) = -z**3 - 4*z**2 - 7*z + 5. Give v(-4).
33
Let f(q) = 9*q - 2. Give f(1).
7
Let f(p) = -2*p - 1. What is f(-3)?
5
Let n(s) = -72*s - 4. What is n(2)?
-148
Let a(v) = v**3 - 9*v**2 - v + 20. Calculate a(9).
11
Let h(i) = i**2 - 10*i + 16. Determine h(9).
7
Let r(p) = -31*p - 1670. What is r(-54)?
4
Let g(p) = p**2 - p - 8. Determine g(0).
-8
Let u(y) = 6*y - 111. What is u(19)?
3
Let s(h) = h**3 - 12*h**2 + 15*h + 14. What is s(11)?
58
Let l(x) = -2*x**2 - 39*x + 254. What is l(6)?
-52
Let o(u) = -14*u - 27. Calculate o(-2).
1
Let o(h) = -h**2 + 8*h + 13. What is o(5)?
28
Let u(i) = i - 7. Give u(6).
-1
Let w(z) = z**3 + 24*z**2 + 47*z + 45. Calculate w(-22).
-21
Let q(o) = -20*o - 44. Calculate q(2).
-84
Let j(c) = c**2 - 7*c + 21. What is j(5)?
11
Let i(f) = -f**2 + 36*f - 266. Calculate i(10).
-6
Let d(l) = 2*l**2 - 17*l + 2. Calculate d(7).
-19
Let h(l) = -5*l + 63. Give h(12).
3
Let b(a) = -a**3 - 2*a**2 + 12*a - 14. Give b(4).
-62
Let z(m) = -6*m - 39. What is z(-6)?
-3
Let w(b) = -b**2 + 4*b - 3. Calculate w(2).
1
Let s(n) = n**3 - 10*n**2 + 2*n + 16. What is s(9)?
-47
Let c(q) = -q**2 - 13*q + 7. Calculate c(-7).
49
Let d(r) = 5*r + 6. Determine d(-5).
-19
Let d(r) = -5*r - 32. Give d(-7).
3
Let h(y) = -y**3 + 3*y**2 + y - 3. What is h(3)?
0
Let s(q) = -16*q + 26. Give s(5).
-54
Let g(p) = p - 9. Calculate g(8).
-1
Let i(k) = 6*k**2 - 5*k - 5. What is i(-2)?
29
Let i(o) = -o**3 - 7*o**2 - 4*o + 12. Calculate i(-6).
0
Let c(a) = a**3 - 3*a**2 - 10*a + 7. Determine c(4).
-17
Let r(z) = -z**3 - 18*z**2 + 10*z - 177. Give r(-19).
-6
Let m(a) = 3*a**2 - 67*a + 26. Determine m(22).
4
Let q(d) = -6*d**2 + 4*d - 4. What is q(3)?
-46
Let l(z) = -10*z - 199. Calculate l(-18).
-19
Let g(b) = -b**3 + 15*b**2 - 15*b - 3. Give g(14).
-17
Let v(q) = -q**2 + 5*q + 29. Calculate v(8).
5
Let i(g) = -5*g + 9. Give i(-6).
39
Let y(k) = -k**3 + 4*k**2 - 5*k + 5. What is y(3)?
-1
Let z(r) = -r**2 - 16*r + 129. Determine z(-22).
-3
Let u(d) = d + 3. Calculate u(-4).
-1
Let q(r) = -r**2 - 20*r - 56. Give q(-17).
-5
Let j(t) = -19*t - 5. What is j(0)?
-5
Let b(j) = -19*j**2. Give b(-1).
-19
Let v(p) = p**2 - p - 4. Determine v(4).
8
Let a(o) = -o**2 - o - 1. Calculate a(-3).
-7
Let a(q) = q**3 - 12*q**2 - 11*q - 27. Determine a(13).
-1
Let q(g) = -10*g - 20. Give q(-2).
0
Let u(l) = -l**2 + 11*l - 6. Calculate u(4).
22
Let y(f) = 8*f. Give y(3).
24
Let q(z) = z**2 + 4*z - 7. Determine q(-7).
14
Let i(g) = -6*g - 313. Give i(-52).
-1
Let x(v) = 15*v**3 - 2*v**2 - 2*v - 1. Determine x(-1).
-16
Let x(d) = 6*d**2 + 2*d - 12. Give x(4).
92
Let t(q) = -q**3 + 13*q**2 - 22*q + 3. What is t(11)?
3
Let y(r) = -r**2 + 10*r + 53. Calculate y(-10).
-147
Let f(a) = a**3 - 8*a**2 + 7*a + 7. Determine f(6).
-23
Let s(u) = -u**3 - 10*u**2 + 13*u + 24. Give s(-11).
2
Let w(t) = 55*t. Give w(-2).
-110
Let o(n) = 32*n**2. Calculate o(-1).
32
Let w(a) = 7*a + 18. Calculate w(-2).
4
Let d(x) = x**3 - 8*x**2 - x + 1. Calculate d(8).
-7
Let y(h) = -4*h - 119. Give y(-28).
-7
Let k(j) = j**2 + 9*j + 2. Calculate k(-8).
-6
Let n(i) = -2*i**2 + 13*i + 7. Give n(9).
-38
Let i(q) = q**2 + 6*q - 4. Calculate i(-7).
3
Let o(z) = -z**3 + 12*z**2 + 19. What is o(12)?
19
Let n(a) = -a**3 - 9*a**2 - a + 7. What is n(-9)?
16
Let d(t) = 17*t - 23. Calculate d(1).
-6
Let l(a) = -3*a**2 - a + 24. What is l(-4)?
-20
Let x(c) = c**3 - 6*c**2 - 17*c + 20. What is x(8)?
12
Let l(o) = 32*o - 13. Calculate l(3).
83
Let v(p) = 5*p + 35. Determine v(-14).
-35
Let k(x) = -4*x**2 + 7*x - 11. Determine k(4).
-47
Let w(j) = -j - 6. What is w(9)?
-15
Let g(j) = j**2 + 4*j + 24. Calculate g(-10).
84
Let p(x) = x**2 - 4*x + 4. Give p(7).
25
Let w(j) = -2*j**2 + 14*j - 18. What is w(8)?
-34
Let u(o) = 13*o. Calculate u(-3).
-39
Let d(o) = -7*o + 10. What is d(-12)?
94
Let h(p) = 7*p + 2. What is h(2)?
16
Let w(z) = z**3 - 5*z**2 - 6*z. Determine w(6).
0
Let c(l) = -l**2 - 2*l + 114. Calculate c(-12).
-6
Let g(q) = -q**2 - 14*q - 53. Give g(-10).
-13
Let h(x) = -2*x**3 - 37*x**2 - 16*x + 33. Determine h(-18).
-3
Let m(l) = -l**3 + 14*l**2 - 19*l + 15. Calculate m(12).
75
Let x(u) = 3*u**2 - 5*u - 7. Determine x(3).
5
Let m(z) = -4*z - 15. What is m(-2)?
-7
Let a(o) = o - 2. Calculate a(4).
2
Let w(r) = -2*r**3 - 2*r**2 + 3*r - 2. Calculate w(2).
-20
Let k(w) = 2*w**2 - 23*w - 67. Calculate k(14).
3
Let b(j) = -17*j**2 + j. Calculate b(-1).
-18
Let a(s) = 6*s**2 + 2*s + 2. Determine a(-3).
50
Let i(d) = 3*d**2 - 29*d + 21. Calculate i(9).
3
Let i(k) = k**3 - k + 1. Determine i(1).
1
Let i(g) = -g**3 - 17*g**2 - 19*g - 38. What is i(-16)?
10
Let l(a) = 41*a - 11. Give l(-2).
-93
Let k(h) = h**2 + 6*h. Give k(-8).
16
Let q(x) = -x**3 - 42*x**2 - 41*x + 10. What is q(-41)?
10
Let z(m) = -2*m - 58. Give z(-26).
-6
Let a(m) = -m**2 - 3*m - 3. What is a(-4)?
-7
Let g(b) = -2*b - 6. Calculate g(-6).
6
Let j(u) = -u**2 - 7*u + 46. What is j(4)?
2
Let v(x) = x**3 + 8*x**2 + 8*x + 6. What is v(-7)?
-1
Let o(z) = z - 27. What is o(-8)?
-35
Let x(i) = 2*i**3 + i. Determine x(-2).
-18
Let n(o) = -10*o - 3. Give n(-2).
17
Let v(l) = l + 33. Give v(-17).
16
Let a(j) = j**2 - 9*j - 54. Give a(13).
-2
Let u(t) = -41*t + 333. Calculate u(8).
5
Let q(j) = -53*j - 173. What is q(-3)?
-14
Let g(p) = p**3 - 5*p**2 - 3*p + 17. Give g(3).
-10
Let g(x) = x. Determine g(-4).
-4
Let m(t) = -3*t**2 - 4*t + 1. Give m(-2).
-3
Let n(k) = -k**3 + 4*k**2 + 14*k - 42. What is n(5)?
3
Let z(u) = -u**3 - 4*u**2 + 7*u + 10. Give z(-6).
40
Let i(f) = f**2 - 10*f + 28. Give i(7).
7
Let p(v) = v**3 + 21*v**2 + v + 13. Calculate p(-21).
-8
Let c(t) = 3*t**2 - 41*t - 1. Determine c(13).
-27
Let n(f) = 4*f - 123. Determine n(35).
17
Let i(j) = -j**3 - 6*j**2 + 6*j - 6. Give i(-7).
1
Let l(q) = q**2 + 32*q - 136. Give l(4).
8
Let s(p) = -4*p**2 + 1. Give s(-1).
-3
Let i(v) = -v - 21. Determine i(0).
-21
Let d(s) = 5*s**2 + 5*s + 14. Determine d(-2).
24
Let d(z) = -z**3 + 7*z**2 + 17*z - 84. Calculate d(8).
-12
Let z(s) = s**2 - 15*s + 11. Give z(14).
-3
Let d(v) = v**3 + 6*v**2 + 6*v + 1. Determine d(-4).
9
Let h(f) = 2*f**2 + 3*f + 4. Determine h(3).
31
Let x(b) = -11*b**2 - 307*b + 31. Determine x(-28).
3
Let d(q) = -18*q - 11. Calculate d(-2).
25
Let f(o) = o**3 - 5*o**2 - 9*o + 46. Determine f(5).
1
Let c(s) = 2*s**2 + 19*s + 46. Determine c(-7).
11
Let q(h) = -4*h**2 + 55*h - 11. Determine q(13).
28
Let r(x) = -x**3 - 9*x**2 - 10. What is r(-9)?
-10
Let v(t) = 8*t - 61. What is v(19)?
91
Let d(s) = -23*s - 2. Give d(-2).
44
Let o(b) = -b**3 + 21*b**2 - 21*b + 24. What is o(20)?
4
Let q(u) = u + 2. Calculate q(9).
11
Let z(y) = 7*y - 256. Calculate z(36).
-4
Let i(d) = -d**3 + 8*d**2 - 9*d + 3. Give i(4).
31
Let n(a) = -2*a**2 + 15*a + 8. Calculate n(8).
0
Let y(k) = 4*k + 113. Give y(-27).
5
Let t(p) = p**2 - 41*p + 110. What is t(3)?
-4
Let y(t) = 2*t**2 + 8*t + 4. Calculate y(-5).
14
Let r(i) = -i**3 - 4*i**2 - i - 1. What is r(-3)?
-7
Let v(b) = 4*b**3 + 5*b**2 - 12*b + 8. Give v(3).
125
Let s(t) = t**3 - 11*t**2 - 8*t + 20. What is s(12)?
68
Let c(r) = 30*r - 2. Calculate c(0).
-2
Let y(k) = 3*k - 25. What is y(10)?
5
Let l(t) = t**2 - 4*t + 8. Calculate l(7).
29
Let k(c) = c**2 + 8*c - 2. What is k(-7)?
-9
Let u(t) = -t**2 + 2*t - 9. Calculate u(6).
-33
Let o(g) = g**2 + 5*g - 9. Give o(-8).
15
Let r(d) = d**2 + 7*d - 8. Give r(-7).
-8
Le